Let c be l(5). Let u(i) = 9*i + 9. Let y = 14 - 7. Let g be u(y). What is the greatest common factor of g and c?
8
Let n(m) = -2 + 3*m + 3*m - 2*m. Let s be n(2). Suppose 0 = s*y - 2*y - 220. Calculate the highest common factor of 22 and y.
11
Suppose 0 = -4*d - 5*l + 37, 0 = -l + 5*l - 20. Suppose -d*i = -69 - 183. What is the highest common factor of 12 and i?
12
Suppose -2*i - 11 = -1. Let g be (-4)/i*(-15)/(-2). Calculate the greatest common divisor of g and 66.
6
Let w(q) = 3*q + 13. Let m be w(-13). Suppose -12 - 20 = 2*p. Let c = p - m. Calculate the highest common factor of 90 and c.
10
Suppose -4*y + 7 - 3 = 0. Let u be y/(-4) + (-218)/(-8). What is the greatest common factor of 27 and u?
27
Let x = -131 + 149. Calculate the greatest common factor of 117 and x.
9
Let r = -17 + 39. What is the highest common divisor of 44 and r?
22
Let m be -1 - -57 - (-1 + -1). Suppose -5*d + 422 = -m. What is the highest common divisor of 12 and d?
12
Let r = -14 + 24. Let t be 5/(r/4) - -2. Let k = -8 - -12. What is the greatest common factor of t and k?
4
Let j be 6/(-27)*1 - (-195)/27. What is the greatest common factor of 28 and j?
7
Let v = -30 + 57. Suppose -2*y = -5*j - 6 + 41, 0 = 4*j + 2*y - 46. Calculate the highest common divisor of j and v.
9
Suppose -2*h = 2*h - 8, 3*k + 4*h - 11 = 0. Let s be (-53)/2*(-1 - k). Let b = s - 4. What is the greatest common factor of 7 and b?
7
Let q = 96 - 63. Calculate the greatest common divisor of q and 11.
11
Let y(w) = -w**2 - 4*w - 1. Let g be y(-5). Let u = 9 + g. Let o = u + 1. Calculate the greatest common factor of 8 and o.
4
Suppose -30 = -3*a + 3*p - 0*p, -3*a - 4*p = -2. What is the greatest common factor of 6 and a?
6
Let n(s) = -s**2 + 17*s - 38. Let c be n(13). Calculate the highest common factor of 28 and c.
14
Suppose -5*w = -2*w - 54. Suppose -2 - 2 = 2*i. Let v be (-2 + -25)/(i - -1). Calculate the greatest common divisor of w and v.
9
Let l(f) be the first derivative of -f**4/4 + 10*f**3/3 - 5*f**2/2 - 11*f - 3. Let u be l(8). Let c = 18 + -11. Calculate the highest common divisor of c and u.
7
Suppose 3*i - 33 = -3*l, -l - 1 = i - 3*l. Let o = -10 - -14. Suppose -o*b = b - 210. What is the greatest common divisor of i and b?
7
Let a = 53 + 156. Calculate the highest common divisor of 19 and a.
19
Let j(t) = 5*t**3 + 2*t**2 - t - 2. Suppose 0 = -x + 5*i + 22, -x - 2*x + 5*i = -26. Let b be j(x). Calculate the greatest common divisor of 4 and b.
4
Let w = -33 - -44. What is the highest common divisor of w and 99?
11
Let n(u) = -u**3 + 5*u**2 - 2*u - 6. Let s be n(3). Calculate the greatest common factor of 66 and s.
6
Let x = 98 - 28. Calculate the highest common divisor of x and 350.
70
Let g(u) be the second derivative of 17*u**4/12 - u**3/2 - u**2/2 - 2*u. Let c be g(-2). Suppose -5*d + c = 8. What is the greatest common divisor of d and 13?
13
Let v(c) = -7*c + 2. Let o be v(-1). Calculate the greatest common divisor of o and 1.
1
Suppose -2*d + 197 = 43. What is the highest common factor of d and 11?
11
Let s(p) = p**2 - 2*p - 9. Let b be s(6). Calculate the highest common divisor of b and 165.
15
Let l be (-16)/(-24) + 349/3. What is the highest common divisor of l and 13?
13
Let q = -2 - -18. What is the highest common factor of q and 32?
16
Let r = -202 - -342. What is the highest common divisor of 20 and r?
20
Let w = -110 - -154. What is the greatest common divisor of 11 and w?
11
Let c = -213 + 492. Calculate the greatest common factor of c and 31.
31
Suppose 5*y + 72 + 23 = 0. Let w = y + 23. Suppose s - 2*g = -0*s - 5, 0 = -s - 3*g + 10. What is the highest common factor of s and w?
1
Let b(l) = l**3 - 2*l**2 - 12*l + 24. Let c be b(5). Calculate the greatest common factor of 26 and c.
13
Suppose c + 24 = 2*c. Suppose 0 = 2*u - 6*u + 16. Calculate the highest common divisor of u and c.
4
Suppose 0*x = -4*x - 8. Let y(f) = 3*f**2 - f + 2. Let m be y(x). Let j = 17 + 127. Calculate the greatest common divisor of j and m.
16
Let d = 3 - -3. Suppose 0 = 2*u - 11 + 3. Let t = u - 3. What is the greatest common factor of d and t?
1
Let u(a) = a**2 - 9*a + 6. Let z be u(9). Let k be (21 - z) + 1/1. Calculate the highest common divisor of k and 112.
16
Let m(d) = -d - 3. Let k = -3 + -3. Let j be m(k). Suppose 0 = j*i - 18 - 27. Calculate the highest common factor of 3 and i.
3
Let r = -9 - -5. Let m = -3 - r. What is the highest common divisor of m and 2?
1
Let u(i) = -i**3 - 3*i**2 + 12*i - 4. Let v be u(-6). What is the highest common factor of v and 16?
16
Let z be 1 - (2 - 12 - -5). What is the greatest common divisor of z and 42?
6
Suppose -4*y - 20 = 0, 2*i - 3*y = 3*i - 7. What is the highest common factor of i and 55?
11
Let y = -62 + 197. What is the greatest common divisor of y and 15?
15
Let g = -132 + 292. Calculate the greatest common divisor of g and 10.
10
Suppose 2*z = 6*z - 48. Let d = -43 + 73. Let f be (36/10)/(1/d). Calculate the highest common factor of f and z.
12
Let y be 0 + 122 + (0 - -4). What is the greatest common factor of y and 14?
14
Let y(a) = 8*a**2 - 3*a + 1. Let g be y(1). Calculate the highest common divisor of 138 and g.
6
Let f = 190 + -98. Let n(s) = -s + 23. Let z be n(0). What is the highest common factor of f and z?
23
Let h(c) = -c**3 + 4*c**2 + 7. Suppose -5*j = 2*n - 8, -2*n + 5*j - 20 = -7*n. Let u be h(n). What is the greatest common divisor of u and 1?
1
Let a be (6/9)/((-2)/(-90)). Let d(l) = 5*l - 2. Let w be d(1). What is the greatest common factor of a and w?
3
Suppose 4*h - 5*u = 2 - 3, 5*h + 3*u = 8. Let r be 56/(-16)*h*4. Let k be (4 + 1)*r/(-5). What is the greatest common divisor of k and 126?
14
Suppose 23 = -4*u - 0*i + 3*i, 0 = u - 4*i + 22. Let z be (1/(-3))/(u/162). What is the greatest common divisor of z and 9?
9
Suppose 3*u = -2*u + 10. Suppose 0 = u*j - 10 - 0. Let w be (-21)/(((-30)/4)/j). Calculate the greatest common divisor of w and 126.
14
Let l be ((-192)/(-2))/((-24)/(-16)). Calculate the greatest common factor of 8 and l.
8
Let r(h) = h**3 + 5*h**2 - 5*h - 5. Let t be r(-4). What is the highest common factor of 124 and t?
31
Let a(r) = -r**2 + 10*r + 3. Suppose 0*c = 2*c - 18. Let s be a(c). What is the highest common factor of s and 96?
12
Suppose 5*q - 4 = 4*g, -3*q + 20 = 2*q. Let c be (9/6)/((-2)/(-4)). Let p be (g/(-6))/((-2)/c). What is the highest common factor of p and 3?
1
Suppose i - 126 = -2*i - 2*o, -2*i + 92 = 4*o. What is the greatest common factor of 20 and i?
20
Suppose 2 + 9 = 2*k + b, -2*b + 10 = 0. Calculate the highest common factor of k and 9.
3
Suppose -h + a + 237 = 0, -4*h + 0*a + 947 = -3*a. Let v = h - 115. Let c = 77 - 66. Calculate the greatest common factor of c and v.
11
Let h(c) = -22*c + 44. Let a be h(-16). Calculate the highest common factor of 36 and a.
36
Let t(n) = -n**3 + 5*n**2 + 5*n - 2. Let v be t(6). Let f = 9 - 4. Let o be (-1 - f)*v/6. What is the greatest common divisor of 40 and o?
8
Suppose 3*d + 0*d = 18. Let b be 7*((-120)/(-21) + 2). Calculate the highest common factor of d and b.
6
Let a(m) = 6*m**3 - 1 - 4*m**3 - m - 14*m**3 + m**2. Let z be a(-1). Let j(l) = 144*l**3 - l. Let t be j(1). Calculate the highest common divisor of z and t.
13
Suppose -2*y + 27 = 3*d, -18 = -4*y + y + 3*d. Suppose -y*o = -4*o - 40. Let g(j) = -j - 2. Let t be g(-6). Calculate the highest common factor of o and t.
4
Let o = -32 - -10. Let p = o - -68. Suppose 0 = -2*i - 3*x + 62, 92 = 5*i - x - p. What is the greatest common divisor of i and 4?
4
Let m = 103 - 55. What is the greatest common divisor of 12 and m?
12
Let v(j) = -2*j**3 + 3*j**2 - 2. Let i be v(2). Let h(q) = -q + 3. Let d be h(i). Calculate the highest common factor of 81 and d.
9
Suppose 0 = -5*a + 8*a - 48. Calculate the highest common factor of a and 128.
16
Let p be 10*(7 + -4)/6. Calculate the greatest common divisor of 45 and p.
5
Let u = 38 - -42. What is the greatest common divisor of 40 and u?
40
Let b be (1/2)/((-1)/4). Let p be (-4)/(1*b/2). What is the greatest common divisor of 1 and p?
1
Suppose 0*t = 5*t - 5. Suppose 2*c - 1 - t = 0. Suppose 0 = 2*p - p + l - 7, 33 = 3*p - 3*l. Calculate the highest common factor of c and p.
1
Let s = -230 - -53. Let n = -105 - s. What is the greatest common fact